
0
What is the remainder when 304 is divided by 18?
16
Calculate the remainder when 214 is divided by 55.
49
Calculate the remainder when 50 is divided by 20.
10
What is the remainder when 327 is divided by 30?
27
What is the remainder when 148 is divided by 41?
25
What is the remainder when 4478 is divided by 10?
8
What is the remainder when 3539 is divided by 77?
74
Calculate the remainder when 9792 is divided by 466.
6
Calculate the remainder when 335 is divided by 112.
111
What is the remainder when 1068 is divided by 9?
6
What is the remainder when 3404 is divided by 16?
12
Calculate the remainder when 528 is divided by 23.
22
Calculate the remainder when 2404 is divided by 56.
52
What is the remainder when 347 is divided by 10?
7
What is the remainder when 2874 is divided by 21?
18
What is the remainder when 1968 is divided by 116?
112
Calculate the remainder when 1617 is divided by 60.
57
What is the remainder when 60 is divided by 7?
4
Calculate the remainder when 63 is divided by 19.
6
Calculate the remainder when 525 is divided by 157.
54
Calculate the remainder when 1677 is divided by 56.
53
Calculate the remainder when 295 is divided by 20.
15
Calculate the remainder when 634 is divided by 71.
66
Calculate the remainder when 134 is divided by 32.
6
Calculate the remainder when 1054 is divided by 29.
10
Calculate the remainder when 618 is divided by 20.
18
Calculate the remainder when 520 is divided by 74.
2
Calculate the remainder when 298 is divided by 43.
40
What is the remainder when 63 is divided by 53?
10
Calculate the remainder when 340 is divided by 11.
10
What is the remainder when 117 is divided by 113?
4
Calculate the remainder when 154 is divided by 143.
11
Calculate the remainder when 402 is divided by 8.
2
Calculate the remainder when 2590 is divided by 24.
22
What is the remainder when 208 is divided by 41?
3
What is the remainder when 1289 is divided by 234?
119
Calculate the remainder when 991 is divided by 185.
66
Calculate the remainder when 9827 is divided by 4.
3
What is the remainder when 498 is divided by 205?
88
Calculate the remainder when 230 is divided by 33.
32
Calculate the remainder when 1889 is divided by 30.
29
What is the remainder when 895 is divided by 441?
13
What is the remainder when 320 is divided by 186?
134
Calculate the remainder when 6544 is divided by 42.
34
What is the remainder when 523 is divided by 28?
19
What is the remainder when 160 is divided by 49?
13
What is the remainder when 39 is divided by 4?
3
Calculate the remainder when 2956 is divided by 87.
85
What is the remainder when 88 is divided by 45?
43
What is the remainder when 665 is divided by 23?
21
What is the remainder when 635 is divided by 49?
47
Calculate the remainder when 1295 is divided by 59.
56
Calculate the remainder when 9459 is divided by 50.
9
Calculate the remainder when 4380 is divided by 129.
123
What is the remainder when 7902 is divided by 155?
152
Calculate the remainder when 149 is divided by 50.
49
What is the remainder when 881 is divided by 391?
99
What is the remainder when 419 is divided by 31?
16
Calculate the remainder when 391 is divided by 216.
175
What is the remainder when 359 is divided by 297?
62
What is the remainder when 813 is divided by 31?
7
What is the remainder when 145 is divided by 21?
19
What is the remainder when 455 is divided by 33?
26
What is the remainder when 287 is divided by 9?
8
What is the remainder when 220 is divided by 68?
16
Calculate the remainder when 141 is divided by 131.
10
Calculate the remainder when 95 is divided by 16.
15
Calculate the remainder when 4111 is divided by 8.
7
What is the remainder when 1961 is divided by 116?
105
What is the remainder when 1712 is divided by 122?
4
What is the remainder when 806 is divided by 115?
1
What is the remainder when 187 is divided by 183?
4
What is the remainder when 628 is divided by 168?
124
Calculate the remainder when 6185 is divided by 1030.
5
What is the remainder when 89 is divided by 23?
20
Calculate the remainder when 1185 is divided by 25.
10
What is the remainder when 5 is divided by 2?
1
Calculate the remainder when 2250 is divided by 94.
88
Calculate the remainder when 117 is divided by 59.
58
What is the remainder when 227 is divided by 12?
11
Calculate the remainder when 624 is divided by 33.
30
Calculate the remainder when 215 is divided by 74.
67
What is the remainder when 74 is divided by 14?
4
What is the remainder when 2079 is divided by 46?
9
What is the remainder when 57 is divided by 13?
5
Calculate the remainder when 333 is divided by 34.
27
What is the remainder when 184 is divided by 20?
4
Calculate the remainder when 1480 is divided by 62.
54
Calculate the remainder when 143 is divided by 81.
62
Calculate the remainder when 176 is divided by 107.
69
What is the remainder when 1470 is divided by 116?
78
What is the remainder when 603 is divided by 21?
15
What is the remainder when 47 is divided by 28?
19
What is the remainder when 671 is divided by 209?
44
Calculate the remainder when 37 is divided by 23.
14
Calculate the remainder when 1858 is divided by 75.
58
What is the remainder when 408 is divided by 103?
99
What is the remainder when 4380 is divided by 24?
12
Calculate the remainder when 711 is divided by 314.
83
What is the remainder when 71 is divided by 4?
3
Calculate the remainder when 1650 is divided by 19.
16
What is the remainder when 1598 is divided by 8?
6
What is the remainder when 440 is divided by 89?
84
What is the remainder when 441 is divided by 34?
33
Calculate the remainder when 256 is divided by 4.
0
Calculate the remainder when 11 is divided by 6.
5
What is the remainder when 503 is divided by 12?
11
Calculate the remainder when 196 is divided by 30.
16
What is the remainder when 5074 is divided by 94?
92
What is the remainder when 486 is divided by 98?
94
What is the remainder when 811 is divided by 29?
28
What is the remainder when 236 is divided by 176?
60
What is the remainder when 50 is divided by 10?
0
What is the remainder when 323 is divided by 197?
126
What is the remainder when 31 is divided by 12?
7
Calculate the remainder when 50 is divided by 8.
2
What is the remainder when 4899 is divided by 42?
27
Calculate the remainder when 941 is divided by 22.
17
What is the remainder when 43 is divided by 18?
7
Calculate the remainder when 703 is divided by 182.
157
Calculate the remainder when 84 is divided by 7.
0
Calculate the remainder when 221 is divided by 13.
0
Calculate the remainder when 95 is divided by 70.
25
Calculate the remainder when 1614 is divided by 202.
200
What is the remainder when 595 is divided by 55?
45
What is the remainder when 178 is divided by 60?
58
What is the remainder when 477 is divided by 24?
21
Calculate the remainder when 994 is divided by 115.
74
Calculate the remainder when 150 is divided by 38.
36
What is the remainder when 4938 is divided by 13?
11
Calculate the remainder when 18600 is divided by 27.
24
What is the remainder when 536 is divided by 9?
5
What is the remainder when 69 is divided by 6?
3
What is the remainder when 432 is divided by 348?
84
Calculate the remainder when 834 is divided by 274.
12
Calculate the remainder when 580 is divided by 71.
12
What is the remainder when 712 is divided by 16?
8
Calculate the remainder when 238 is divided by 121.
117
What is the remainder when 454 is divided by 164?
126
Calculate the remainder when 95 is divided by 7.
4
Calculate the remainder when 222 is divided by 16.
14
Calculate the remainder when 14941 is divided by 53.
48
Calculate the remainder when 343 is divided by 43.
42
What is the remainder when 183 is divided by 101?
82
Calculate the remainder when 273 is divided by 89.
6
What is the remainder when 623 is divided by 78?
77
What is the remainder when 242 is divided by 35?
32
Calculate the remainder when 168 is divided by 40.
8
What is the remainder when 112 is divided by 26?
8
What is the remainder when 148 is divided by 53?
42
Calculate the remainder when 1339 is divided by 32.
27
What is the remainder when 2373 is divided by 66?
63
Calculate the remainder when 1205 is divided by 18.
17
What is the remainder when 1489 is divided by 65?
59
What is the remainder 